Let b(q) = 44*q + 1020. Calculate b(-22).
52
Let r(z) = -z**3 + 17*z**2 - 27*z - 27. Determine r(15).
18
Let a(w) = -7*w - 32. Calculate a(-17).
87
Let d(s) = 4*s**2 - 23*s + 11. Give d(6).
17
Let n(s) = 21*s + 287. Give n(-13).
14
Let o(j) = -3*j**3 + 84*j**2 - 2*j + 56. Give o(28).
0
Let l(i) = 2186*i + 13131. What is l(-6)?
15
Let a(b) = 402*b + 28. Calculate a(0).
28
Let n(t) = 41*t**2 + 4*t - 14. What is n(2)?
158
Let i(d) = 14*d**3 + 17*d**2 + 34*d + 17. Calculate i(-1).
-14
Let x(r) = r**3 + 51*r**2 + 309*r - 13. Calculate x(-7).
-20
Let s(z) = 1092*z - 122294. Give s(112).
10
Let d(l) = l**3 - 10*l**2 - 296*l + 45. Give d(-13).
6
Let d(a) = -58*a**2 - 287*a + 14. Determine d(-5).
-1
Let d(u) = -u**3 - 11*u**2 - 111*u + 267. What is d(2)?
-7
Let a(m) = 3*m**3 - 4*m**2 - 23*m + 4. Calculate a(4).
40
Let l(t) = -t**3 + 2*t**2 + 34*t - 100. Calculate l(5).
-5
Let l(j) = -6*j**2 - 275*j - 1408. What is l(-40)?
-8
Let j(t) = 2*t**3 + 12*t**2 - 176*t - 920. What is j(-5)?
10
Let u(q) = 268*q - 5629. Give u(21).
-1
Let f(j) = j**3 - 24*j**2 + 24*j + 9. Calculate f(21).
-810
Let j(y) = 253*y - 25734. What is j(102)?
72
Let t(p) = -10288*p + 123459. What is t(12)?
3
Let x(w) = -3*w**3 - 5*w**2 - 2*w + 8. What is x(-2)?
16
Let p(r) = -520*r - 6274. What is p(-12)?
-34
Let m(d) = 7*d**3 - 3*d**2 - 2*d - 7. Determine m(-2).
-71
Let r(l) = 3*l**2 + 61*l - 281. What is r(-24)?
-17
Let z(m) = 7*m**2 - 28*m - 1. Calculate z(3).
-22
Let c(p) = 12*p - 32. Calculate c(6).
40
Let f(a) = 8*a**2 + 102*a + 225. Calculate f(-10).
5
Let w(b) = 76*b - 513. Determine w(7).
19
Let g(s) = 417*s - 1233. Give g(3).
18
Let f(q) = -4*q**2 + 76*q + 1166. What is f(-10)?
6
Let p(u) = u**3 - 11*u**2 - 4*u - 48. Give p(12).
48
Let p(z) = -24*z - 281. Determine p(-12).
7
Let h(a) = -a**2 - 7*a + 15736. What is h(-129)?
-2
Let n(p) = -352*p + 618. Calculate n(2).
-86
Let u(f) = -248*f - 3733. Give u(-15).
-13
Let o(w) = w**2 - 32*w + 245. What is o(22)?
25
Let w(y) = y**3 + 9*y**2 + 4*y + 7. Give w(-9).
-29
Let i(k) = -k - 131. Calculate i(29).
-160
Let f(b) = -22*b + 191. What is f(9)?
-7
Let d(b) = 2*b + 78. What is d(45)?
168
Let t(v) = -522*v + 7841. Determine t(15).
11
Let g(r) = -9*r**2 + 29*r + 15. What is g(7)?
-223
Let i(z) = z**3 + 21*z**2 - 87*z - 85. Determine i(-24).
275
Let k(r) = 783*r**2 - 3132*r - 3. Determine k(4).
-3
Let s(c) = 30*c**3 - 4*c**2 + 5*c + 7. Give s(-1).
-32
Let m(n) = 17*n**2 - 203*n - 1034. Give m(-5).
406
Let i(w) = 2*w**2 + 17*w + 17. Calculate i(-12).
101
Let b(x) = x**3 + 37*x**2 - 120*x + 24. Give b(-40).
24
Let q(k) = -125*k + 70. Determine q(2).
-180
Let n(l) = 7*l**2 - 8*l + 12. Determine n(2).
24
Let z(i) = -63*i**2 + 11*i + 9. Determine z(-1).
-65
Let z(u) = -u + 44. Determine z(-7).
51
Let h(m) = -827*m + 41358. Calculate h(50).
8
Let n(c) = -45*c - 764. What is n(-16)?
-44
Let m(f) = -40*f - 131. Give m(-18).
589
Let c(v) = 337*v - 9100. What is c(27)?
-1
Let u(y) = -6*y + 264. Give u(8).
216
Let a(x) = 2*x**2 + 24*x - 892. Determine a(16).
4
Let r(a) = 198*a - 17030. Calculate r(86).
-2
Let u(y) = -y**3 - 80*y**2 + 124*y - 10370. Calculate u(-83).
5
Let c(p) = -p**2 + 21*p + 68. Give c(24).
-4
Let w(o) = 20*o**2 - 1480*o + 34. Give w(74).
34
Let n(c) = -c**3 + 11*c**2 + 46*c - 9. Give n(14).
47
Let a(f) = -75*f + 1117. Calculate a(11).
292
Let a(b) = -172*b + 9834. What is a(57)?
30
Let p(z) = -2*z**2 - 13*z + 11. Calculate p(-7).
4
Let n(i) = i**3 - 22*i**2 - 329*i + 2. Calculate n(32).
-286
Let l(a) = -1275*a - 17854. Give l(-14).
-4
Let j(s) = 45*s + 1118. Determine j(-25).
-7
Let f(a) = -4*a**2 + 134*a - 762. Give f(6).
-102
Let x(v) = 2*v**3 - 78*v**2 - 229*v + 8939. What is x(39)?
8
Let l(a) = -22*a - 172. What is l(-7)?
-18
Let y(k) = -37*k**2 + 1632*k - 207. Give y(44).
-31
Let c(t) = 122*t - 4183. Give c(35).
87
Let g(b) = -34*b - 1283. Determine g(-33).
-161
Let p(d) = 38*d**2 + 153*d + 10. Give p(-4).
6
Let k(f) = 2*f**3 + 27*f**2 - 17*f - 39. What is k(-14)?
3
Let b(n) = -56*n**2 + 560*n - 3. Calculate b(10).
-3
Let o(l) = l**3 - 6*l**2 + 30*l - 106. Determine o(4).
-18
Let o(m) = 18*m + 269. Determine o(-12).
53
Let n(q) = 27*q - 409. Calculate n(14).
-31
Let a(m) = -2977*m + 14885. Give a(5).
0
Let o(s) = 14*s**2 + 51*s + 23. Calculate o(-4).
43
Let g(s) = -s**2 - 21*s - 97. What is g(-11)?
13
Let g(q) = -13*q - 91. Give g(0).
-91
Let m(f) = -f**3 + 18*f**2 + 42*f - 9. Give m(21).
-450
Let b(c) = -1970*c + 7878. What is b(4)?
-2
Let l(p) = 5*p**2 + 250*p + 112. Determine l(-49).
-133
Let k(q) = 35*q**3 + 8*q - 11. Determine k(0).
-11
Let q(h) = 60*h - 2665. Give q(45).
35
Let i(l) = 1807*l + 3629. Calculate i(-2).
15
Let s(a) = 115*a + 1641. Give s(-14).
31
Let d(k) = -40*k**2 + 554*k - 8. Give d(14).
-92
Let c(g) = g**3 + 3*g**2 + 65*g + 120. Give c(-2).
-6
Let z(j) = -3*j**2 + 12*j - 32. Calculate z(7).
-95
Let s(y) = -3*y**2 - 19*y + 8. Determine s(8).
-336
Let x(l) = -l**2 + 254*l + 995. Give x(258).
-37
Let w(k) = -42*k**3 + 3*k**2 + 37*k + 35. Give w(-1).
43
Let i(a) = -5*a**2 - 41*a + 67. Calculate i(-10).
-23
Let w(u) = 2*u**3 + 11*u**2 - 23*u - 18. Give w(-7).
-4
Let m(f) = -2*f**2 - 53*f + 208. What is m(15)?
-1037
Let f(m) = m**2 + 25*m + 90. Give f(-21).
6
Let p(y) = -2*y**2 + 43*y + 166. What is p(25)?
-9
Let s(n) = -n**3 - 121*n**2 + 137*n + 1836. Calculate s(-122).
6
Let s(b) = -4*b + 24. Give s(2).
16
Let z(g) = -g**3 + 13*g**2 + 20*g + 3. Give z(-3).
87
Let y(j) = 97*j + 44. Give y(-1).
-53
Let w(c) = -6*c - 230. What is w(-23)?
-92
Let l(i) = i**3 + 176*i**2 - 533*i + 608. Determine l(-179).
-108
Let z(p) = 14*p + 211. What is z(-10)?
71
Let t(y) = -y**3 + 14*y**2 + 33*y - 666. Give t(12).
18
Let w(h) = 5*h**2 + 71*h + 8. Give w(-14).
-6
Let f(i) = -174*i**2 - 86*i - 8. Give f(-2).
-532
Let w(i) = 3*i**2 - 149*i + 1195. Give w(10).
5
Let s(r) = r**3 - 143*r**2 + 279*r + 422. Give s(141).
-1
Let i(s) = -2734*s - 19149. Determine i(-7).
-11
Let s(u) = -u**2 - 6*u + 165. What is s(9)?
30
Let c(q) = -2*q**2 - 8*q - 9. Give c(5).
-99
Let m(h) = -126*h - 2007. Calculate m(-16).
9
Let g(f) = 338*f**3 + 4*f**2 - 2*f + 3. Determine g(1).
343
Let u(j) = -123*j - 3436. Determine u(-28).
8
Let v(j) = -16*j - 348. Calculate v(-22).
4
Let h(m) = -806*m - 18565. Give h(-23).
-27
Let i(x) = x**2 - 55*x + 251. Determine i(49).
-43
Let a(u) = 2*u**2 + 3*u - 58. Determine a(-13).
241
Let q(t) = -23*t + 16. Calculate q(5).
-99
Let u(s) = -307*s + 4285. Give u(14).
-13
Let t(h) = 2716*h - 8238. Calculate t(3).
-90
Let f(w) = w**3 + 11*w**2 + 606*w + 5953. Determine f(-10).
-7
Let v(y) = 2*y**2 - 21*y + 40. Determine v(7).
-9
Let u(i) = i**2 - 237*i + 4925. Determine u(23).
3
Let a(x) = x**3 + 8*x**2 - 5*x + 4. Determine a(-7).
88
Let m(w) = 3*w**2 + 9*w - 6. What is m(4)?
78
Let r(h) = 29*h - 72. Calculate r(2).
-14
Let s(l) = 33*l**2 + 9*l + 48. Determine s(-2).
162
Let w(h) = -8*h**2 - 499*h - 498. Give w(-1).
-7
Let w(b) = -323*b - 8048. Determine w(-25).
27
Let n(q) = -73*q + 290. Give n(4).
-2
Let z(b) = -b**3 + 10*b**2 + 71*b. Determine z(-5).
20
Let g(c) = -2*c**3 + 149*c**2 - 1233*c - 150. What is g(65)?
-20
Let h(m) = 3*m**3 + 626*m**2 - 1473*m + 848. Determine h(-211).
4
Let w(j) = 817*j - 8187. Give w(10).
-17
Let w(g) = -5*g**2 - 19*g - 36. Calculate w(-4).
-40
Let o(r) = -r**3 - 9*r**2 + 5*r + 13. Calculate o(-6).
-125
Let h(y) = 13*y + 620. Calculate h(-49).
-17
Let q(r) = 8*r**2 + 199*r - 24. What is q(-25)?
1
Let k(b) = -1163*b - 2320. What is k(-2)?
6
Let c(d) = 2*d**3 - 40*d**2 + 41*d - 43. Determine c(19).
14
Let j(z) = 7*z**2 - 468*z - 560. Give j(68).
-16
Let v(s) = -82*s + 322. Calculate v(4).
-6
Let f(g) = -437*g - 11360. What is f(-26)?
2
Let g(m) = m**3 + 3*m**2 + 27*m - 15. Determine g(-9).
-744
Let b(j) = 6*j**3 + 50*j**2 + 60*j + 11. Give b(-7).
-17
Let x(o) = -634*o - 102701. Give x(-162).
7
Let n(a) = 154*a - 4340. Give n(28).
-28
Let o(t) = -547*t + 1039. Calculate o(2).
-55
Let j(t) = -4*t**3 + 40*t**2 - 9*t + 79. Give j(10).
-11
Let t(j) = 2*j**2 - 25*j - 114. Calculate t(17).
39
Let a(d) = -6*d**2 + 119*d + 856. Determine a(26).
-106
Let l(r) = r**3 + 3*r**2 + 3*r - 9. Give l(-4).
-37
Let q(d) = 41*d + 387. Calculate q(-4).
223
Let j(o) = -6*o**2 - 7*o - 18. What is j(-5)?
-133
L